{"id":207,"date":"2025-07-30T17:06:54","date_gmt":"2025-07-30T20:06:54","guid":{"rendered":"https:\/\/absolucoesinteligentes.com\/?page_id=207"},"modified":"2025-08-08T16:06:44","modified_gmt":"2025-08-08T19:06:44","slug":"seguranca-pessoal-executiva","status":"publish","type":"page","link":"https:\/\/absolucoesinteligentes.com\/?page_id=207","title":{"rendered":"SEGURAN\u00c7A PESSOAL EXECUTIVA"},"content":{"rendered":"\n<p>Na AB Solu\u00e7\u00f5es Inteligentes, tratamos a seguran\u00e7a de pessoas com a mesma seriedade que aplicamos \u00e0 prote\u00e7\u00e3o de grandes estruturas: com intelig\u00eancia, planejamento e descri\u00e7\u00e3o. Nosso servi\u00e7o de SEGURAN\u00c7A PERSONALIZADA (VIP) \u00e9 voltado a executivos, autoridades, empres\u00e1rios e figuras p\u00fablicas que exigem mais do que prote\u00e7\u00e3o \u2014 precisam de ESTRAT\u00c9GIA, ANTECIPA\u00c7\u00c3O DE RISCOS e DESCRI\u00c7\u00c3O ABSOLUTA.<\/p>\n","protected":false},"excerpt":{"rendered":"<p>Na AB Solu\u00e7\u00f5es Inteligentes, tratamos a seguran\u00e7a de pessoas com a mesma seriedade que aplicamos \u00e0 prote\u00e7\u00e3o de grandes estruturas: com intelig\u00eancia, planejamento e descri\u00e7\u00e3o. Nosso servi\u00e7o de SEGURAN\u00c7A PERSONALIZADA (VIP) \u00e9 voltado a executivos, autoridades, empres\u00e1rios e figuras p\u00fablicas que exigem mais do que prote\u00e7\u00e3o \u2014 precisam de ESTRAT\u00c9GIA, ANTECIPA\u00c7\u00c3O DE RISCOS e DESCRI\u00c7\u00c3O [&hellip;]<\/p>\n","protected":false},"author":1,"featured_media":0,"parent":0,"menu_order":0,"comment_status":"closed","ping_status":"closed","template":"","meta":{"footnotes":""},"class_list":["post-207","page","type-page","status-publish","hentry"],"_links":{"self":[{"href":"https:\/\/absolucoesinteligentes.com\/index.php?rest_route=\/wp\/v2\/pages\/207","targetHints":{"allow":["GET"]}}],"collection":[{"href":"https:\/\/absolucoesinteligentes.com\/index.php?rest_route=\/wp\/v2\/pages"}],"about":[{"href":"https:\/\/absolucoesinteligentes.com\/index.php?rest_route=\/wp\/v2\/types\/page"}],"author":[{"embeddable":true,"href":"https:\/\/absolucoesinteligentes.com\/index.php?rest_route=\/wp\/v2\/users\/1"}],"replies":[{"embeddable":true,"href":"https:\/\/absolucoesinteligentes.com\/index.php?rest_route=%2Fwp%2Fv2%2Fcomments&post=207"}],"version-history":[{"count":4,"href":"https:\/\/absolucoesinteligentes.com\/index.php?rest_route=\/wp\/v2\/pages\/207\/revisions"}],"predecessor-version":[{"id":217,"href":"https:\/\/absolucoesinteligentes.com\/index.php?rest_route=\/wp\/v2\/pages\/207\/revisions\/217"}],"wp:attachment":[{"href":"https:\/\/absolucoesinteligentes.com\/index.php?rest_route=%2Fwp%2Fv2%2Fmedia&parent=207"}],"curies":[{"name":"wp","href":"https:\/\/api.w.org\/{rel}","templated":true}]}}